{"id":3,"date":"2021-05-23T07:04:02","date_gmt":"2021-05-23T10:04:02","guid":{"rendered":"https:\/\/volcompecas.com\/loja\/?page_id=3"},"modified":"2021-11-17T16:48:30","modified_gmt":"2021-11-17T19:48:30","slug":"politica-de-privacidade","status":"publish","type":"page","link":"https:\/\/volcompecas.com\/loja\/politica-de-privacidade\/","title":{"rendered":"Pol\u00edtica de Privacidade"},"content":{"rendered":"<style>#kt-layout-id_ddc872-ea{margin-top:0px;margin-bottom:0px;}#kt-layout-id_ddc872-ea > .kt-row-column-wrap{align-content:start;}:where(#kt-layout-id_ddc872-ea > .kt-row-column-wrap) > .wp-block-kadence-column{justify-content:start;}#kt-layout-id_ddc872-ea > .kt-row-column-wrap{column-gap:20px;row-gap:20px;padding-top:var( --global-kb-row-default-top, 25px );padding-bottom:var( --global-kb-row-default-bottom, 25px );padding-top:70px;padding-bottom:70px;padding-left:0px;padding-right:0px;grid-template-columns:minmax(0, 1fr);}#kt-layout-id_ddc872-ea > .kt-row-layout-overlay{opacity:0.30;}@media all and (max-width: 1024px){#kt-layout-id_ddc872-ea > .kt-row-column-wrap{grid-template-columns:minmax(0, 1fr);}}@media all and (max-width: 767px){#kt-layout-id_ddc872-ea > .kt-row-column-wrap{grid-template-columns:minmax(0, 1fr);}}<\/style>\n<div class=\"wp-block-kadence-rowlayout alignnone\"><div id=\"kt-layout-id_ddc872-ea\" class=\"kt-row-layout-inner kt-layout-id_ddc872-ea\"><div class=\"kt-row-column-wrap kt-has-1-columns kt-gutter-narrow kt-v-gutter-narrow kt-row-valign-top kt-row-layout-equal kt-tab-layout-inherit kt-m-colapse-left-to-right kt-mobile-layout-row\"><style>.kadence-column_ce9d13-07 > .kt-inside-inner-col{padding-top:20px;padding-bottom:20px;padding-left:20px;padding-right:20px;}.kadence-column_ce9d13-07 > .kt-inside-inner-col{border-color:var(--global-palette8, #F7FAFC);border-top-width:0px;border-right-width:0px;border-bottom-width:0px;border-left-width:0px;}.kadence-column_ce9d13-07 > .kt-inside-inner-col,.kadence-column_ce9d13-07 > .kt-inside-inner-col:before{border-top-left-radius:0px;border-top-right-radius:0px;border-bottom-right-radius:0px;border-bottom-left-radius:0px;}.kadence-column_ce9d13-07 > .kt-inside-inner-col{column-gap:var(--global-kb-gap-sm, 1rem);}.kadence-column_ce9d13-07 > .kt-inside-inner-col{flex-direction:column;}.kadence-column_ce9d13-07 > .kt-inside-inner-col > .aligncenter{width:100%;}.kadence-column_ce9d13-07 > .kt-inside-inner-col{background-color:var(--global-palette8, #F7FAFC);}.kadence-column_ce9d13-07 > .kt-inside-inner-col:before{opacity:0.3;}.kadence-column_ce9d13-07, .kadence-column_ce9d13-07 h1, .kadence-column_ce9d13-07 h2, .kadence-column_ce9d13-07 h3, .kadence-column_ce9d13-07 h4, .kadence-column_ce9d13-07 h5, .kadence-column_ce9d13-07 h6{color:var(--global-palette4, #2D3748);}.kadence-column_ce9d13-07 a{color:var(--global-palette1, #3182CE);}.kadence-column_ce9d13-07 a:hover{color:var(--global-palette2, #2B6CB0);}.kadence-column_ce9d13-07{position:relative;}.wp-block-kadence-column.kadence-column_ce9d13-07 > .kt-inside-inner-col{margin-top:0px;margin-bottom:0px;margin-right:0px;margin-left:0px;}@media all and (max-width: 1024px){.kadence-column_ce9d13-07 > .kt-inside-inner-col{flex-direction:column;justify-content:center;}}@media all and (max-width: 767px){.kadence-column_ce9d13-07 > .kt-inside-inner-col{flex-direction:column;justify-content:center;}}<\/style>\n<div class=\"wp-block-kadence-column inner-column-1 kadence-column_ce9d13-07\"><div class=\"kt-inside-inner-col\" style=\"background:var(--global-palette8)\">\n<h2 class=\"has-theme-palette-3-color has-text-color wp-block-heading\">Quem Somos<\/h2>\n\n\n\n<p class=\"justify\">Somos a VOLCOM DISTRUBUIDORA DE PE\u00c7AS LTDA, com Matriz na cidade de Maring\u00e1 \u2013 PR. Nossa Loja Virtual \u00e9 acessada pelo dom\u00ednio volcompecas.com.<a><\/a><\/p>\n\n\n\n<h2 class=\"has-theme-palette-3-color has-text-color wp-block-heading\">Quais Dados Pessoais Coletamos e Porque<\/h2>\n\n\n\n<h5 class=\"has-theme-palette-4-color has-text-color wp-block-heading\">Coment\u00e1rios\/Formul\u00e1rios<\/h5>\n\n\n\n<p class=\"justify\">Quando os visitantes deixam Coment\u00e1rios no Site, coletamos os Dados mostrados no formul\u00e1rio de Coment\u00e1rios, al\u00e9m do Endere\u00e7o de IP e de Dados do navegador do visitante, para auxiliar na detec\u00e7\u00e3o de Spam.<\/p>\n\n\n\n<p class=\"justify\">Uma sequ\u00eancia anonimizada de caracteres criada a partir do seu E-mail (tamb\u00e9m chamada de hash) poder\u00e1 ser Enviada para o Gravatar para verificar se voc\u00ea usa o servi\u00e7o. A Pol\u00edtica de Privacidade do Gravatar est\u00e1&nbsp;<a href=\"https:\/\/automattic.com\/privacy\/\" target=\"_blank\" rel=\"noreferrer noopener nofollow\">Dispon\u00edvel Aqui<\/a>. Depois da aprova\u00e7\u00e3o do seu Coment\u00e1rio, a foto do seu Perfil fica vis\u00edvel publicamente junto de seu Coment\u00e1rio.<\/p>\n\n\n\n<h5 class=\"has-theme-palette-4-color has-text-color wp-block-heading\">Cookies<\/h5>\n\n\n\n<p class=\"justify\">Ao deixar um Coment\u00e1rio no Site, voc\u00ea poder\u00e1 optar por Salvar seu Nome, E-mail e Site nos cookies. Isso visa seu conforto, assim voc\u00ea n\u00e3o precisar\u00e1 preencher seus Dados Novamente quando fizer outro Coment\u00e1rio. Estes cookies duram um ano.<\/p>\n\n\n\n<p class=\"justify\">Se voc\u00ea tem uma Conta e acessa este Site, um cookie tempor\u00e1rio ser\u00e1 criado para determinar se seu navegador aceita cookies. Ele n\u00e3o cont\u00e9m nenhum Dado pessoal e ser\u00e1 descartado quando voc\u00ea fechar seu navegador.<\/p>\n\n\n\n<p class=\"justify\">Quando voc\u00ea acessa sua Conta no Site, tamb\u00e9m criamos v\u00e1rios cookies para Salvar os Dados da sua Conta e suas escolhas de exibi\u00e7\u00e3o de Tela. Cookies de Acesso s\u00e3o mantidos por dois dias e cookies de op\u00e7\u00f5es de Tela por um ano. Se voc\u00ea selecionar \u201cLembrar-me\u201d, seu Acesso ser\u00e1 mantido por duas semanas. Se voc\u00ea se desconectar da sua Conta, os cookies de Acesso ser\u00e3o removidos.<\/p>\n\n\n\n<p class=\"justify\">Se voc\u00ea editar ou publicar um artigo, um cookie Adicional ser\u00e1 Salvo no seu navegador. Este cookie n\u00e3o inclui nenhum Dado pessoal e simplesmente indica o ID do Post referente ao artigo que voc\u00ea acabou de editar. Ele expira depois de 1 dia.<\/p>\n\n\n\n<h5 class=\"has-theme-palette-4-color has-text-color wp-block-heading\">Por Quanto Tempo Mantemos os seus Dados<\/h5>\n\n\n\n<p class=\"justify\">Se voc\u00ea deixar um Coment\u00e1rio, o Coment\u00e1rio e os seus metadados s\u00e3o conservados indefinidamente. Fazemos isso para que seja poss\u00edvel reconhecer e aprovar Automaticamente qualquer Coment\u00e1rio posterior ao inv\u00e9s de ret\u00ea-lo para modera\u00e7\u00e3o.<\/p>\n\n\n\n<p class=\"justify\">Para Usu\u00e1rios que se Registram no nosso Site (se houver), tamb\u00e9m guardamos as informa\u00e7\u00f5es pessoais que fornecem no seu Perfil de Usu\u00e1rio. Todos os Usu\u00e1rios podem ver, editar ou excluir suas informa\u00e7\u00f5es pessoais a qualquer momento (s\u00f3 n\u00e3o \u00e9 poss\u00edvel alterar o seu username). Os Administradores de Sites tamb\u00e9m podem ver e editar estas informa\u00e7\u00f5es.<\/p>\n\n\n\n<h5 class=\"has-theme-palette-4-color has-text-color wp-block-heading\">Quais os seus Direitos sobre seus Dados<\/h5>\n\n\n\n<p class=\"justify\">Se voc\u00ea tiver uma Conta neste Site ou se tiver deixado Coment\u00e1rios, pode solicitar um Arquivo exportado dos Dados pessoais que mantemos sobre voc\u00ea, inclusive quaisquer Dados que nos tenha fornecido. Tamb\u00e9m pode solicitar que removamos qualquer Dado pessoal que mantemos sobre voc\u00ea. Isto n\u00e3o inclui nenhuns Dados que somos obrigados a manter para prop\u00f3sitos Administrativos, legais ou de seguran\u00e7a.<\/p>\n\n\n\n<h5 class=\"has-theme-palette-4-color has-text-color wp-block-heading\">Para onde Enviamos seus Dados<\/h5>\n\n\n\n<p class=\"justify\">Coment\u00e1rios de visitantes podem ser Marcados por um servi\u00e7o Autom\u00e1tico de detec\u00e7\u00e3o de Spam.<\/p>\n\n\n\n<h5 class=\"has-theme-palette-4-color has-text-color wp-block-heading\">Suas Informa\u00e7\u00f5es de Contato<\/h5>\n\n\n\n<p class=\"justify\">Nenhuma informa\u00e7\u00e3o adicional ou quaisquer dados de nossos Clientes \u00e9 compartilhados. Somos contra os Spams e nossa pol\u00edtica r\u00edgida mant\u00e9m os dados de nossos clientes somente para uso de contato da Volcom por meio de seus canais oficiais, em casos bem espec\u00edficos, como Notifica\u00e7\u00f5es de Pedidos ou contato de nossas equipes de atendimento.<\/p>\n<\/div><\/div>\n<\/div><\/div><\/div>\n","protected":false},"excerpt":{"rendered":"<p>Quem Somos Somos a VOLCOM DISTRUBUIDORA DE PE\u00c7AS LTDA, com Matriz na cidade de Maring\u00e1 \u2013 PR. Nossa Loja Virtual \u00e9 acessada pelo dom\u00ednio volcompecas.com. Quais Dados Pessoais Coletamos e Porque Coment\u00e1rios\/Formul\u00e1rios Quando os visitantes deixam Coment\u00e1rios no Site, coletamos os Dados mostrados no formul\u00e1rio de Coment\u00e1rios, al\u00e9m do Endere\u00e7o de IP e de Dados&#8230;<\/p>\n","protected":false},"author":1,"featured_media":0,"parent":0,"menu_order":4,"comment_status":"closed","ping_status":"closed","template":"","meta":{"_acf_changed":false,"_kad_blocks_custom_css":"","_kad_blocks_head_custom_js":"","_kad_blocks_body_custom_js":"","_kad_blocks_footer_custom_js":"","_kad_post_transparent":"","_kad_post_title":"","_kad_post_layout":"","_kad_post_sidebar_id":"","_kad_post_content_style":"","_kad_post_vertical_padding":"","_kad_post_feature":"","_kad_post_feature_position":"","_kad_post_header":false,"_kad_post_footer":false,"_kad_post_classname":"","footnotes":""},"class_list":["post-3","page","type-page","status-publish","hentry"],"acf":[],"taxonomy_info":[],"featured_image_src_large":false,"author_info":{"display_name":"Webmaster VC","author_link":"https:\/\/volcompecas.com\/loja\/author\/47ec12f615beb258\/"},"comment_info":0,"_links":{"self":[{"href":"https:\/\/volcompecas.com\/loja\/wp-json\/wp\/v2\/pages\/3","targetHints":{"allow":["GET"]}}],"collection":[{"href":"https:\/\/volcompecas.com\/loja\/wp-json\/wp\/v2\/pages"}],"about":[{"href":"https:\/\/volcompecas.com\/loja\/wp-json\/wp\/v2\/types\/page"}],"author":[{"embeddable":true,"href":"https:\/\/volcompecas.com\/loja\/wp-json\/wp\/v2\/users\/1"}],"replies":[{"embeddable":true,"href":"https:\/\/volcompecas.com\/loja\/wp-json\/wp\/v2\/comments?post=3"}],"version-history":[{"count":0,"href":"https:\/\/volcompecas.com\/loja\/wp-json\/wp\/v2\/pages\/3\/revisions"}],"wp:attachment":[{"href":"https:\/\/volcompecas.com\/loja\/wp-json\/wp\/v2\/media?parent=3"}],"curies":[{"name":"wp","href":"https:\/\/api.w.org\/{rel}","templated":true}]}}